- 11. What is the tens digit of t(11)?
1
Let w(p) = -p - 7. Let z be w(-11). What is the tens digit of 2 - z - (1 - 26)?
2
Let n(b) = -b**2 - 15*b + 28. What is the tens digit of n(-15)?
2
Let d(c) = 8*c**2 + c**3 - 9*c**2 + 0*c - 2*c + 17. What is the units digit of d(0)?
7
Let b(q) = q + 13. Let r be b(-7). Suppose 16 = 3*f - 2*y - r, -4*f + 44 = y. What is the units digit of f?
0
Suppose -b + 0*b - 3 = 0. What is the units digit of -2*b/(-15)*-5?
2
Suppose o - 12*o + 3421 = 0. What is the units digit of o?
1
Let j(r) = 62*r + 90. What is the tens digit of j(5)?
0
Let x(j) = -3*j**3 + j. Let g be x(1). What is the units digit of (-1)/g - (-5)/2?
3
Let j(s) = -s**3 + 2*s - 1. Let q be j(-4). Suppose y - 6*y + q = 0. What is the units digit of y?
1
Suppose -2*t + 36 = 4*l, 0 = -3*l + 6*l + 5*t - 34. Let o = l + -6. What is the units digit of o?
2
Let y(j) be the third derivative of j**5/30 - 7*j**4/24 + j**3/6 + j**2. What is the tens digit of y(6)?
3
Suppose 0 = -0*c - 3*c + 57. What is the units digit of c?
9
Suppose g = -5*c + 126, -4*c + 13 = -5*g - 82. What is the units digit of c?
5
Suppose 4*j + 21 = j. Let d = j + 14. Suppose 0 = -3*m + 46 - d. What is the units digit of m?
3
Suppose -2*q - 2*f + 20 = 2*q, -3*f + 2 = -q. Let s = -6 - -13. Let p = s - q. What is the units digit of p?
3
Suppose r = -2*r + 6. Suppose 5*a - r*a - 9 = 0. Suppose -a*i - 17 = -62. What is the units digit of i?
5
What is the tens digit of (-10)/5*(-19)/2?
1
Let k(v) = 6*v + 10. What is the tens digit of k(11)?
7
Suppose l = 6*l - 15. Let x be 4/6 - 8/(-6). Suppose -x*g - l*d + 47 = 2*g, 0 = -g + 3*d + 8. What is the tens digit of g?
1
Let o(s) = -s + 7. Let n be o(0). Suppose -4*x + 51 = -3*r, 4*x - 2*r + r - 57 = 0. Let p = x - n. What is the units digit of p?
8
Let p = -8 - -7. Let v(z) = -289*z**2 - z. Let a be v(p). What is the units digit of (-4)/10 + a/(-45)?
6
Let q(k) = k**2 - 4*k - 19. Let o be q(7). Let p(d) = d**2 - d + 7. Let c be p(0). Suppose -o*x + c = -x. What is the units digit of x?
7
Suppose 6*j + 597 = 9*j. What is the tens digit of j?
9
Let b be (-1)/4 + (-18)/(-8). Suppose c = -4*q + 4, -2*c + 5*q + 10 = -37. Suppose 0 = -b*p + c - 4. What is the units digit of p?
6
Let t = -254 - -372. What is the tens digit of t?
1
Suppose -a + 4*u = -51, -6 = a + 3*u - 22. What is the tens digit of a?
3
Let n(s) = 7*s - 3. What is the tens digit of n(5)?
3
Suppose -4*y = f + 9, -12 = -5*f - y - 0. Let a = f + -1. Suppose -2 = -a*j + 8. What is the units digit of j?
5
Let x(q) = 3*q**2 + 5. What is the tens digit of x(-5)?
8
Suppose -4*h + 167 + 65 = 0. What is the tens digit of h?
5
What is the units digit of (291/(-18)*-2)/((-1)/(-12))?
8
Let w be 4/14 - 346/(-14). What is the tens digit of 10/w - 123/(-5)?
2
Let c(f) = -3*f**2 - 3*f - 11. Let n(y) = 2*y**2 + 4*y + 11. Let m(t) = -3*c(t) - 4*n(t). Suppose -v = -2*v + 10. What is the units digit of m(v)?
9
Suppose 5*i = 2*k - 141, 3*i + 169 - 18 = 2*k. What is the tens digit of k?
8
Suppose 0 = 3*t - 0*t - 15. Suppose 0*w = -5*w + t. What is the units digit of w?
1
Let t(k) be the third derivative of k**6/120 + k**4/24 + 5*k**3/6 + 3*k**2. Let y = 2 + -2. What is the units digit of t(y)?
5
Suppose u + 5*o - 6*o = -6, -4*u - 3*o - 3 = 0. What is the units digit of 23/3 - u/9?
8
Suppose -a - 78 = -4*a. What is the units digit of a?
6
Let r(d) = -4*d + 10. What is the units digit of r(-8)?
2
Suppose 4*r - 5*r + 5 = 0. Suppose -3*b + 13 = 3*l + 2*l, -b - r*l + 21 = 0. Let v = b - -12. What is the units digit of v?
8
Suppose 12 = 2*w + 2*w, 0 = 3*r + 4*w - 42. What is the units digit of r?
0
Suppose -r + 386 = 5*m + 2*r, -r + 392 = 5*m. What is the units digit of m?
9
Let h(o) = 20*o**2 - o - 2. What is the tens digit of h(-2)?
8
Let b be (164/(-20) - -3)*5. What is the tens digit of 2/2*-1 - b?
2
Let h(r) = 16*r**2 - 4*r + 4. What is the hundreds digit of h(-3)?
1
Let t = 15 - 19. What is the units digit of (-2)/t - 504/(-16)?
2
What is the units digit of (3 - 1)/((-2)/(-5))?
5
Suppose 2 = 4*u + 2*z - 0, 3*u = -4*z - 11. What is the units digit of (u - (-21)/(-6))*-32?
6
Suppose 5*b = -5*y + 590, -y = -b + 3*b - 241. What is the units digit of b?
3
Suppose -4*j - 72 = -2*l, l = 5*l + j - 126. Let o = l - 7. What is the units digit of o?
5
Let b(s) = 14*s**2 - 3*s + 1. What is the hundreds digit of b(3)?
1
Let a = -31 - -63. What is the units digit of a?
2
Let y = 82 + 163. What is the hundreds digit of y?
2
What is the units digit of (0 - 5 - -184)/1?
9
Let k = 58 + 117. What is the tens digit of k?
7
Suppose -5*r + 4*r = -18. Suppose -5*n - 78 = 4*j, 3*n = j - r - 22. Let k = -7 - n. What is the units digit of k?
7
Suppose -i + 2*n = -12, 2*i + n = i - 3. Suppose -2*k + 0 = -i. What is the units digit of k?
1
Suppose 5*l = 4*q - 22 - 10, 0 = -5*q - 2*l + 7. Let g(r) = 5*r**2 + r**q - 3*r - 1 + 4 + 6*r. What is the units digit of g(-4)?
7
Let y(w) = w**3 - 4*w**2 + w + 1. Let a(b) = b - 1. Let d be a(5). What is the units digit of y(d)?
5
Let z be (-1 - 2/(-6))*9. Let u(k) = k**3 + 9*k**2 + 8*k + 9. Let l be u(-8). What is the units digit of (l/z)/(2/(-8))?
6
Let u be 5/(-45) - 37/(-9). Suppose 5*c = -2*z + 56 - 12, 0 = u*z - 3*c - 140. What is the tens digit of z?
3
Let q(j) = j**2 + 1. Let h be q(-3). Suppose 0 = 3*y + 2*y - h. Suppose -4*u + 16 = -y*u. What is the units digit of u?
8
Let s(g) = -21*g + 12. What is the tens digit of s(-11)?
4
Let g(v) = -196*v + 7. What is the hundreds digit of g(-1)?
2
Suppose 82 = g - 13. What is the units digit of g?
5
Suppose -2*g = 3*k - 34, 3*k - 18 - 22 = -5*g. Let l = k + -8. What is the units digit of l?
2
Let y be 376/16 - 2/(-4). What is the units digit of y/32 - (-93)/4?
4
Let y(l) = -l**3 - 5*l**2 - 6*l - 4. Let n be y(-4). Let v be (-2 + 4)/1 + n. What is the units digit of v - (0/2)/2?
6
Let k(m) = 2*m**2 + 4*m + 8. Let b(n) = -n**2 - 2*n - 4. Let l(t) = 5*b(t) + 3*k(t). What is the units digit of l(-4)?
2
Let n(x) = -x**2 - 6*x + 6. Suppose 4*l + 30 = -l. Let v be n(l). Suppose v = 2*w - 0*w. What is the units digit of w?
3
What is the units digit of (-1582)/(-10) + (-16)/80?
8
Let h(l) = 7*l - 56. What is the tens digit of h(21)?
9
Let v be (-5)/(-2)*(3 - 1). Suppose -v*o + 4*o + 6 = 0. What is the units digit of o?
6
Let f = 37 + -26. Suppose 0 = -5*x - 51 + 6. Let k = f + x. What is the units digit of k?
2
Suppose 0 = 3*o + 3*a + 48, -3*a + a + 88 = -4*o. What is the tens digit of (-15)/o - 57/(-4)?
1
Let t = -2 + 6. Suppose -4 + 0 = t*q. Let k = 12 - q. What is the tens digit of k?
1
Let l(v) = -10*v + v**2 + 9 - 8 - 10. Let k = 7 + 4. What is the units digit of l(k)?
2
Let g(w) be the second derivative of -w**4/24 + 3*w**3/2 - 3*w**2/2 + w. Let x(r) be the first derivative of g(r). What is the units digit of x(0)?
9
Suppose -3*z + 8 = f, f - 4 + 12 = 5*z. Suppose 0 = j + f, 4*o + j = -0*j + 22. What is the units digit of o?
6
Suppose -j + 4*h + 123 = 0, j = -2*h + 5*h + 118. What is the units digit of j?
3
Let g(k) = 2*k - 6 - 1 - 2. Let t be g(6). Suppose 3*i = -4*w + w + 12, t*w + i - 16 = 0. What is the units digit of w?
6
Let n = -5 - -2. Let j(r) = r**2 + 3*r + 3. What is the units digit of j(n)?
3
Let a = -3 + 1. Let y be a/6*3*-1. Suppose -p - 5*q = -23, -y + 10 = 3*q. What is the units digit of p?
8
Suppose -n + 5*z = 7, 2*z = 5*n - 2*n - 44. Suppose 0*o + n = 2*o. What is the units digit of o?
9
Suppose -3*h + 2*h = 0. Suppose 2*r + h = 2. What is the units digit of r?
1
Let y = -11 + 12. Let h(a) be the first derivative of a**2/2 + 2. What is the units digit of h(y)?
1
Let z(d) be the first derivative of -2 - d + 1/2*d**2 - 1/3*d**3 + d**4. What is the units digit of z(1)?
3
Let n(u) = u**3 + 5*u**2 - 2*u + 5. Let y be n(-4). Let q = -18 + y. Let x = q + -7. What is the units digit of x?
4
Suppose 4*t + 30 - 462 = 0. What is the tens digit of t?
0
Let x = 44 - 11. What is the units digit of x?
3
Suppose -2*g + 320 = 5*t, 3*t + 114 = g - 57. What is the units digit of g?
5
Let h(u) = 0 + 0 - 2 + 10*u. Let g be h(2). What is the units digit of 194/g + 8/36?
1
Let w = -5 + 6. Let t = 20 + w. Suppose -3*p + t = -2*p - 2*u, 0 = 2*p - 5*u - 47. What is the tens digit of p?
1
Let p(z) be the first derivative of -1/4*z**4 + 1/2*z**2 + 7*z - 2*